{"id":2,"date":"2021-03-06T07:35:45","date_gmt":"2021-03-06T07:35:45","guid":{"rendered":"https:\/\/signmydocs.ch\/?page_id=2"},"modified":"2021-03-09T11:59:16","modified_gmt":"2021-03-09T11:59:16","slug":"sample-page","status":"publish","type":"page","link":"https:\/\/signmydocs.ch\/","title":{"rendered":"Lassen Sie ihre Dokumente einfach digital signieren"},"content":{"rendered":"\n<p>Vertr\u00e4ge, Quittungen, Offerten etc. m\u00fcssen nicht per Post verschickt und unterzeichnet zur\u00fcckgeschickt werden.<br>Mit dem SignMyDocs Service erstellen Sie in Sekunden einen QR Code zu ihrem Dokument und versenden lediglich den QR Code an den Unterzeichner.<\/p>\n\n\n\n<p>Der Unterzeichner \u00f6ffnet den QR Code mit einem Mobilger\u00e4t und unterzeichnet direkt auf dem Touchbildschirm.<\/p>\n\n\n\n<p>Die erfasste Unterschrift wird automatisch auf dem PDF eingef\u00fcgt, Antragssteller und Unterzeichner haben umgehend Zugriff auf das unterzeichnete PDF.<\/p>\n","protected":false},"excerpt":{"rendered":"<p>Vertr\u00e4ge, Quittungen, Offerten etc. m\u00fcssen nicht per Post verschickt und unterzeichnet zur\u00fcckgeschickt werden.Mit dem SignMyDocs Service erstellen Sie in Sekunden einen QR Code zu ihrem Dokument und versenden lediglich den QR Code an den Unterzeichner. Der Unterzeichner \u00f6ffnet den QR Code mit einem Mobilger\u00e4t und unterzeichnet direkt auf dem Touchbildschirm. Die erfasste Unterschrift wird automatisch [&hellip;]<\/p>\n","protected":false},"author":1,"featured_media":0,"parent":0,"menu_order":0,"comment_status":"closed","ping_status":"open","template":"","meta":{"footnotes":""},"class_list":["post-2","page","type-page","status-publish","hentry","post"],"yoast_head":"<!-- This site is optimized with the Yoast SEO plugin v27.4 - https:\/\/yoast.com\/product\/yoast-seo-wordpress\/ -->\n<title>Lassen Sie ihre Dokumente einfach digital signieren - Signmydocs<\/title>\n<meta name=\"robots\" content=\"index, follow, max-snippet:-1, max-image-preview:large, max-video-preview:-1\" \/>\n<link rel=\"canonical\" href=\"https:\/\/signmydocs.ch\/\" \/>\n<meta property=\"og:locale\" content=\"de_DE\" \/>\n<meta property=\"og:type\" content=\"article\" \/>\n<meta property=\"og:title\" content=\"Lassen Sie ihre Dokumente einfach digital signieren - Signmydocs\" \/>\n<meta property=\"og:description\" content=\"Vertr\u00e4ge, Quittungen, Offerten etc. m\u00fcssen nicht per Post verschickt und unterzeichnet zur\u00fcckgeschickt werden.Mit dem SignMyDocs Service erstellen Sie in Sekunden einen QR Code zu ihrem Dokument und versenden lediglich den QR Code an den Unterzeichner. Der Unterzeichner \u00f6ffnet den QR Code mit einem Mobilger\u00e4t und unterzeichnet direkt auf dem Touchbildschirm. Die erfasste Unterschrift wird automatisch [&hellip;]\" \/>\n<meta property=\"og:url\" content=\"https:\/\/signmydocs.ch\/\" \/>\n<meta property=\"og:site_name\" content=\"Signmydocs\" \/>\n<meta property=\"article:modified_time\" content=\"2021-03-09T11:59:16+00:00\" \/>\n<meta name=\"twitter:card\" content=\"summary_large_image\" \/>\n<meta name=\"twitter:label1\" content=\"Gesch\u00e4tzte Lesezeit\" \/>\n\t<meta name=\"twitter:data1\" content=\"1\u00a0Minute\" \/>\n<script type=\"application\/ld+json\" class=\"yoast-schema-graph\">{\"@context\":\"https:\\\/\\\/schema.org\",\"@graph\":[{\"@type\":\"WebPage\",\"@id\":\"https:\\\/\\\/signmydocs.ch\\\/\",\"url\":\"https:\\\/\\\/signmydocs.ch\\\/\",\"name\":\"Lassen Sie ihre Dokumente einfach digital signieren - Signmydocs\",\"isPartOf\":{\"@id\":\"https:\\\/\\\/signmydocs.ch\\\/#website\"},\"datePublished\":\"2021-03-06T07:35:45+00:00\",\"dateModified\":\"2021-03-09T11:59:16+00:00\",\"breadcrumb\":{\"@id\":\"https:\\\/\\\/signmydocs.ch\\\/#breadcrumb\"},\"inLanguage\":\"de\",\"potentialAction\":[{\"@type\":\"ReadAction\",\"target\":[\"https:\\\/\\\/signmydocs.ch\\\/\"]}]},{\"@type\":\"BreadcrumbList\",\"@id\":\"https:\\\/\\\/signmydocs.ch\\\/#breadcrumb\",\"itemListElement\":[{\"@type\":\"ListItem\",\"position\":1,\"name\":\"Startseite\",\"item\":\"https:\\\/\\\/signmydocs.ch\\\/\"},{\"@type\":\"ListItem\",\"position\":2,\"name\":\"Lassen Sie ihre Dokumente einfach digital signieren\"}]},{\"@type\":\"WebSite\",\"@id\":\"https:\\\/\\\/signmydocs.ch\\\/#website\",\"url\":\"https:\\\/\\\/signmydocs.ch\\\/\",\"name\":\"Signmydocs\",\"description\":\"Unterschrift einfach, digital.\",\"publisher\":{\"@id\":\"https:\\\/\\\/signmydocs.ch\\\/#organization\"},\"potentialAction\":[{\"@type\":\"SearchAction\",\"target\":{\"@type\":\"EntryPoint\",\"urlTemplate\":\"https:\\\/\\\/signmydocs.ch\\\/?s={search_term_string}\"},\"query-input\":{\"@type\":\"PropertyValueSpecification\",\"valueRequired\":true,\"valueName\":\"search_term_string\"}}],\"inLanguage\":\"de\"},{\"@type\":\"Organization\",\"@id\":\"https:\\\/\\\/signmydocs.ch\\\/#organization\",\"name\":\"Signmydocs\",\"url\":\"https:\\\/\\\/signmydocs.ch\\\/\",\"logo\":{\"@type\":\"ImageObject\",\"inLanguage\":\"de\",\"@id\":\"https:\\\/\\\/signmydocs.ch\\\/#\\\/schema\\\/logo\\\/image\\\/\",\"url\":\"https:\\\/\\\/signmydocs.ch\\\/wp-content\\\/uploads\\\/2021\\\/03\\\/cropped-Logo_transparent.png\",\"contentUrl\":\"https:\\\/\\\/signmydocs.ch\\\/wp-content\\\/uploads\\\/2021\\\/03\\\/cropped-Logo_transparent.png\",\"width\":92,\"height\":116,\"caption\":\"Signmydocs\"},\"image\":{\"@id\":\"https:\\\/\\\/signmydocs.ch\\\/#\\\/schema\\\/logo\\\/image\\\/\"}}]}<\/script>\n<!-- \/ Yoast SEO plugin. -->","yoast_head_json":{"title":"Lassen Sie ihre Dokumente einfach digital signieren - Signmydocs","robots":{"index":"index","follow":"follow","max-snippet":"max-snippet:-1","max-image-preview":"max-image-preview:large","max-video-preview":"max-video-preview:-1"},"canonical":"https:\/\/signmydocs.ch\/","og_locale":"de_DE","og_type":"article","og_title":"Lassen Sie ihre Dokumente einfach digital signieren - Signmydocs","og_description":"Vertr\u00e4ge, Quittungen, Offerten etc. m\u00fcssen nicht per Post verschickt und unterzeichnet zur\u00fcckgeschickt werden.Mit dem SignMyDocs Service erstellen Sie in Sekunden einen QR Code zu ihrem Dokument und versenden lediglich den QR Code an den Unterzeichner. Der Unterzeichner \u00f6ffnet den QR Code mit einem Mobilger\u00e4t und unterzeichnet direkt auf dem Touchbildschirm. Die erfasste Unterschrift wird automatisch [&hellip;]","og_url":"https:\/\/signmydocs.ch\/","og_site_name":"Signmydocs","article_modified_time":"2021-03-09T11:59:16+00:00","twitter_card":"summary_large_image","twitter_misc":{"Gesch\u00e4tzte Lesezeit":"1\u00a0Minute"},"schema":{"@context":"https:\/\/schema.org","@graph":[{"@type":"WebPage","@id":"https:\/\/signmydocs.ch\/","url":"https:\/\/signmydocs.ch\/","name":"Lassen Sie ihre Dokumente einfach digital signieren - Signmydocs","isPartOf":{"@id":"https:\/\/signmydocs.ch\/#website"},"datePublished":"2021-03-06T07:35:45+00:00","dateModified":"2021-03-09T11:59:16+00:00","breadcrumb":{"@id":"https:\/\/signmydocs.ch\/#breadcrumb"},"inLanguage":"de","potentialAction":[{"@type":"ReadAction","target":["https:\/\/signmydocs.ch\/"]}]},{"@type":"BreadcrumbList","@id":"https:\/\/signmydocs.ch\/#breadcrumb","itemListElement":[{"@type":"ListItem","position":1,"name":"Startseite","item":"https:\/\/signmydocs.ch\/"},{"@type":"ListItem","position":2,"name":"Lassen Sie ihre Dokumente einfach digital signieren"}]},{"@type":"WebSite","@id":"https:\/\/signmydocs.ch\/#website","url":"https:\/\/signmydocs.ch\/","name":"Signmydocs","description":"Unterschrift einfach, digital.","publisher":{"@id":"https:\/\/signmydocs.ch\/#organization"},"potentialAction":[{"@type":"SearchAction","target":{"@type":"EntryPoint","urlTemplate":"https:\/\/signmydocs.ch\/?s={search_term_string}"},"query-input":{"@type":"PropertyValueSpecification","valueRequired":true,"valueName":"search_term_string"}}],"inLanguage":"de"},{"@type":"Organization","@id":"https:\/\/signmydocs.ch\/#organization","name":"Signmydocs","url":"https:\/\/signmydocs.ch\/","logo":{"@type":"ImageObject","inLanguage":"de","@id":"https:\/\/signmydocs.ch\/#\/schema\/logo\/image\/","url":"https:\/\/signmydocs.ch\/wp-content\/uploads\/2021\/03\/cropped-Logo_transparent.png","contentUrl":"https:\/\/signmydocs.ch\/wp-content\/uploads\/2021\/03\/cropped-Logo_transparent.png","width":92,"height":116,"caption":"Signmydocs"},"image":{"@id":"https:\/\/signmydocs.ch\/#\/schema\/logo\/image\/"}}]}},"_links":{"self":[{"href":"https:\/\/signmydocs.ch\/index.php\/wp-json\/wp\/v2\/pages\/2","targetHints":{"allow":["GET"]}}],"collection":[{"href":"https:\/\/signmydocs.ch\/index.php\/wp-json\/wp\/v2\/pages"}],"about":[{"href":"https:\/\/signmydocs.ch\/index.php\/wp-json\/wp\/v2\/types\/page"}],"author":[{"embeddable":true,"href":"https:\/\/signmydocs.ch\/index.php\/wp-json\/wp\/v2\/users\/1"}],"replies":[{"embeddable":true,"href":"https:\/\/signmydocs.ch\/index.php\/wp-json\/wp\/v2\/comments?post=2"}],"version-history":[{"count":4,"href":"https:\/\/signmydocs.ch\/index.php\/wp-json\/wp\/v2\/pages\/2\/revisions"}],"predecessor-version":[{"id":61,"href":"https:\/\/signmydocs.ch\/index.php\/wp-json\/wp\/v2\/pages\/2\/revisions\/61"}],"wp:attachment":[{"href":"https:\/\/signmydocs.ch\/index.php\/wp-json\/wp\/v2\/media?parent=2"}],"curies":[{"name":"wp","href":"https:\/\/api.w.org\/{rel}","templated":true}]}}